 by 15638.
12712
What is the remainder when 8502830 is divided by 127?
53
What is the remainder when 557145 is divided by 532?
141
Calculate the remainder when 21768 is divided by 10806.
156
What is the remainder when 1685577 is divided by 1375?
1202
Calculate the remainder when 423902 is divided by 1087.
1059
Calculate the remainder when 1810578 is divided by 1160.
978
What is the remainder when 9149 is divided by 4096?
957
What is the remainder when 511462 is divided by 130?
42
Calculate the remainder when 519510 is divided by 650.
160
Calculate the remainder when 2626233 is divided by 41686.
15
What is the remainder when 947753781 is divided by 54?
51
What is the remainder when 2332317 is divided by 2332315?
2
What is the remainder when 387439736 is divided by 353?
350
What is the remainder when 1356053 is divided by 583?
578
What is the remainder when 4054194 is divided by 1350929?
1407
What is the remainder when 18246 is divided by 2080?
1606
Calculate the remainder when 259582 is divided by 23595.
37
What is the remainder when 237510 is divided by 8314?
4718
Calculate the remainder when 7508264 is divided by 398.
392
Calculate the remainder when 27700 is divided by 1063.
62
Calculate the remainder when 68185 is divided by 66991.
1194
What is the remainder when 32329180 is divided by 6957?
1
What is the remainder when 112928 is divided by 2772?
2048
What is the remainder when 907808 is divided by 242?
66
Calculate the remainder when 200487 is divided by 11750.
737
What is the remainder when 7241858 is divided by 84207?
56
Calculate the remainder when 54439 is divided by 26633.
1173
What is the remainder when 16550895 is divided by 1375?
20
Calculate the remainder when 23411705 is divided by 23553.
23
Calculate the remainder when 731666 is divided by 3061.
87
What is the remainder when 4765 is divided by 2322?
121
Calculate the remainder when 5399508 is divided by 36.
12
What is the remainder when 731203 is divided by 2182?
233
What is the remainder when 15206197 is divided by 5068720?
37
What is the remainder when 60584655 is divided by 31?
22
Calculate the remainder when 307682 is divided by 381.
215
What is the remainder when 10709198 is divided by 1158?
14
What is the remainder when 4048280 is divided by 1326?
2
Calculate the remainder when 718109 is divided by 99.
62
Calculate the remainder when 17738 is divided by 5539.
1121
What is the remainder when 10241877 is divided by 10241860?
17
What is the remainder when 1088511 is divided by 30?
21
What is the remainder when 124225 is divided by 89?
70
Calculate the remainder when 634336 is divided by 5202.
4894
What is the remainder when 7357349 is divided by 343?
342
What is the remainder when 796706 is divided by 1200?
1106
What is the remainder when 367330 is divided by 405?
400
Calculate the remainder when 208326 is divided by 23.
15
Calculate the remainder when 83109679 is divided by 603.
601
What is the remainder when 4165299 is divided by 1176?
1083
Calculate the remainder when 304466 is divided by 85.
81
What is the remainder when 688126 is divided by 228374?
3004
What is the remainder when 201070715 is divided by 8161?
8158
Calculate the remainder when 191047159 is divided by 19.
12
Calculate the remainder when 19031323 is divided by 1295.
3
Calculate the remainder when 94418720 is divided by 31.
5
What is the remainder when 11696302 is divided by 11696278?
24
What is the remainder when 545386 is divided by 7774?
1206
What is the remainder when 8216595 is divided by 6220?
6195
Calculate the remainder when 3872602 is divided by 774466.
272
What is the remainder when 1782046 is divided by 178204?
6
Calculate the remainder when 54736 is divided by 26647.
1442
Calculate the remainder when 23316 is divided by 3874.
72
What is the remainder when 36724004 is divided by 619?
591
Calculate the remainder when 108904 is divided by 36297.
13
Calculate the remainder when 3066768 is divided by 219024.
432
What is the remainder when 68400814 is divided by 245?
244
What is the remainder when 36234 is divided by 1668?
1206
What is the remainder when 27503065 is divided by 521?
517
Calculate the remainder when 105685 is divided by 226.
143
What is the remainder when 19736 is divided by 291?
239
What is the remainder when 41405 is divided by 47?
45
Calculate the remainder when 26669082 is divided by 26.
24
Calculate the remainder when 2835460 is divided by 2835360.
100
Calculate the remainder when 135063224 is divided by 605.
604
Calculate the remainder when 1145035 is divided by 16.
11
What is the remainder when 137647 is divided by 15291?
28
What is the remainder when 10702628 is divided by 199?
10
Calculate the remainder when 1458077 is divided by 1309.
1160
What is the remainder when 686143 is divided by 904?
7
What is the remainder when 1733025 is divided by 38?
35
Calculate the remainder when 5759585 is divided by 40.
25
What is the remainder when 56150975 is divided by 3831?
8
Calculate the remainder when 2357709 is divided by 1283.
838
What is the remainder when 16428074 is divided by 3460?
3454
Calculate the remainder when 1524057 is divided by 1524044.
13
What is the remainder when 41099547 is divided by 446734?
19
What is the remainder when 5837697 is divided by 72?
9
Calculate the remainder when 20194 is divided by 2524.
2
What is the remainder when 8428 is divided by 831?
118
What is the remainder when 6328071 is divided by 575273?
68
What is the remainder when 103068252 is divided by 7362018?
0
Calculate the remainder when 16939 is divided by 5599.
142
What is the remainder when 858237 is divided by 1982?
31
Calculate the remainder when 128349 is divided by 84.
81
Calculate the remainder when 174581 is divided by 113.
109
What is the remainder when 1565490 is divided by 156529?
200
Calculate the remainder when 10973 is divided by 8638.
2335
Calculate the remainder when 3908143 is divided by 766.
11
Calculate the remainder when 155107 is divided by 77478.
151
Calculate the remainder when 758128 is divided by 4829.
4804
Calculate the remainder when 3085297 is divided by 9552.
1
Calculate the remainder when 2721147 is divided by 14321.
157
Calculate the remainder when 14514468 is divided by 7257229.
10
What is the remainder when 3012570 is divided by 87?
21
What is the remainder when 135728 is divided by 44938?
914
What is the remainder when 8655 is divided by 6152?
2503
What is the remainder when 53145 is divided by 26216?
713
Calculate the remainder when 87458 is divided by 3914.
1350
What is the remainder when 127651 is divided by 1609?
540
Calculate the remainder when 3679099 is divided by 156.
151
Calculate the remainder when 2035926 is divided by 4155.
4131
What is the remainder when 408780 is divided by 398?
34
Calculate the remainder when 3771954 is divided by 5.
4
Calculate the remainder when 6789774 is divided by 468.
30
What is the remainder when 244018 is divided by 347?
77
Calculate the remainder when 6226994 is divided by 1556743.
22
Calculate the remainder when 262161 is divided by 517.
42
Calculate the remainder when 1371657 is divided by 84.
21
What is the remainder when 272702 is divided by 1317?
83
Calculate the remainder when 44188473 is divided by 307.
121
Calculate the remainder when 315067 is divided by 7160.
27
Calculate the remainder when 7465262 is divided by 4594.
12
Calculate the remainder when 3093817 is divided by 146.
77
Calculate the remainder when 1159114 is divided by 3501.
283
What is the remainder when 56898 is divided by 6239?
747
Calculate the remainder when 52917 is divided by 26270.
377
Calculate the remainder when 324951 is divided by 2226.
2181
What is the remainder when 81110657 is divided by 25?
7
What is the remainder when 3746910 is divided by 42?
6
Calculate the remainder when 265288096 is divided by 784876.
8
What is the remainder when 61788 is divided by 5336?
3092
Calculate the remainder when 97664 is divided by 48801.
62
What is the remainder when 146345 is divided by 85?
60
Calculate the remainder when 1395421 is divided by 628.
5
What is the remainder when 1332801 is divided by 222108?
153
Calculate the remainder when 1448138 is divided by 144762.
518
Calculate the remainder when 53571716 is divided by 17857235.
11
What is the rema